 4237378 a composite number?
True
Is 6657283 a prime number?
True
Is 5055781 a prime number?
True
Is 55060849 a prime number?
True
Is 7981997 prime?
False
Is 250805501 composite?
True
Is 356112398 a prime number?
False
Is 3538103 a composite number?
False
Is 5855519 a prime number?
False
Is 5159119 composite?
True
Is 50207 a composite number?
False
Is 1839121 composite?
False
Is 2884183 a prime number?
True
Is 17304773 composite?
True
Is 28676347 composite?
True
Is 350657 a composite number?
False
Is 21986711 prime?
True
Is 13257047 prime?
False
Is 45636455 a prime number?
False
Is 112329593 prime?
True
Is 71114353 prime?
True
Is 1566941 a composite number?
True
Is 2406919 composite?
False
Is 121156721 a composite number?
True
Is 2040403 composite?
False
Is 26664293 a prime number?
False
Is 3374309 a composite number?
True
Is 84785897 composite?
True
Is 3978553 a prime number?
True
Is 6155519 a composite number?
False
Is 223207871 composite?
False
Is 105573899 composite?
True
Is 338659 composite?
False
Is 11744659 a prime number?
False
Is 83737 a composite number?
False
Is 2248297 a composite number?
True
Is 507071 composite?
False
Is 91721213 a prime number?
True
Is 1642889 a prime number?
False
Is 11639113 composite?
True
Is 6910103 composite?
False
Is 2065031 prime?
True
Is 13720297 prime?
False
Is 358301 composite?
False
Is 2695423 composite?
True
Is 7319981 a composite number?
True
Is 6299519 a composite number?
False
Is 4486939 a prime number?
True
Is 2531779 a composite number?
True
Is 25344049 composite?
True
Is 118575733 composite?
False
Is 1780601 prime?
True
Is 6590203 a prime number?
False
Is 27379643 a prime number?
False
Is 70153991 composite?
False
Is 23159509 a prime number?
True
Is 2881841 a composite number?
True
Is 1488931 prime?
True
Is 46961587 prime?
True
Is 20198569 composite?
False
Is 8670317 prime?
False
Is 1192094 a composite number?
True
Is 33391337 a prime number?
False
Is 22164751 composite?
True
Is 32288233 a composite number?
False
Is 181973105 prime?
False
Is 75316463 a prime number?
False
Is 131618939 a prime number?
True
Is 1216009 prime?
True
Is 4938539 composite?
False
Is 28638755 a prime number?
False
Is 6155377 composite?
True
Is 16653569 prime?
False
Is 10983679 composite?
True
Is 1486321 a composite number?
False
Is 192971623 composite?
True
Is 107101079 prime?
True
Is 56617817 a composite number?
False
Is 22450567 a prime number?
True
Is 2089291 a composite number?
True
Is 13993303 a composite number?
True
Is 1902709 composite?
True
Is 137918803 prime?
False
Is 13210207 composite?
True
Is 209795821 prime?
True
Is 270791 a prime number?
True
Is 1843162 prime?
False
Is 436413253 a composite number?
True
Is 4141609 prime?
False
Is 7814887 composite?
True
Is 82167877 a prime number?
False
Is 11537021 prime?
False
Is 1488479 a prime number?
False
Is 1144619 a composite number?
True
Is 354645167 a prime number?
True
Is 4270943 prime?
True
Is 289455797 prime?
False
Is 13412983 a prime number?
False
Is 8500773 prime?
False
Is 25068191 a composite number?
True
Is 41341771 a composite number?
False
Is 313724003 prime?
True
Is 8086751 a prime number?
True
Is 1242251 prime?
True
Is 321653291 prime?
True
Is 144925343 a composite number?
False
Is 271003 composite?
False
Is 22182653 a composite number?
False
Is 15115091 composite?
True
Is 1513751 prime?
True
Is 273742283 a composite number?
False
Is 26966305 prime?
False
Is 13165114 composite?
True
Is 21076823 a composite number?
True
Is 35049887 a prime number?
True
Is 674639 a composite number?
True
Is 2339053 a composite number?
True
Is 357726403 a prime number?
False
Is 119924927 a prime number?
True
Is 6388111 a composite number?
True
Is 6296819 composite?
False
Is 2971333 a composite number?
False
Is 99431 composite?
False
Is 27352703 prime?
False
Is 3468631 a composite number?
False
Is 12442294 a prime number?
False
Is 35922567 prime?
False
Is 1383143 composite?
True
Is 109623049 a composite number?
True
Is 11360683 a composite number?
False
Is 2524741 a prime number?
True
Is 15766859 a prime number?
False
Is 40243793 a prime number?
False
Is 40551311 prime?
True
Is 17853047 prime?
False
Is 1273603 a prime number?
False
Is 12211499 prime?
True
Is 4596523 a prime number?
False
Is 24028737 prime?
False
Is 2860339 a prime number?
False
Is 12121451 composite?
False
Is 23657219 composite?
False
Is 416794663 prime?
True
Is 94033843 a prime number?
True
Is 10725053 a composite number?
False
Is 310201687 a prime number?
False
Is 40274651 prime?
True
Is 5643961 prime?
True
Is 2468819 composite?
True
Is 52541711 prime?
False
Is 8827843 composite?
False
Is 41856655 a prime number?
False
Is 282959 a composite number?
False
Is 40754561 a composite number?
False
Is 20359231 prime?
False
Is 974737 prime?
True
Is 26459557 a prime number?
True
Is 114932011 a composite number?
True
Is 216527303 prime?
True
Is 480995 a prime number?
False
Is 1117381 prime?
False
Is 937433 a prime number?
False
Is 3060851 a composite number?
True
Is 37302103 prime?
True
Is 7737709 a prime number?
False
Is 8135713 prime?
True
Is 10369123 a composite number?
True
Is 42820847 composite?
False
Is 233927 composite?
True
Is 44053573 prime?
False
Is 801393 a composite number?
True
Is 99107077 composite?
False
Is 3705347 a composite number?
False
Is 2206474 prime?
False
Is 39491885 a composite number?
True
Is 369511 prime?
False
Is 338631619 prime?
False
Is 545869 composite?
True
Is 15107839 prime?
False
Is 48337 composite?
False
Is 155132213 prime?
True
Is 842287 a prime number?
False
Is 2078693 prime?
True
Is 162345241 a prime number?
True
Is 122015183 a prime number?
True
Is 8061257 a composite number?
True
Is 7016987 prime?
False
Is 69231199 composite?
False
Is 5691065 prime?
False
Is 34995481 prime?
False
Is 1771499 a composite number?
True
Is 1238817 a prime number?
False
Is 4749659 a prime number?
True
Is 4698293 prime?
True
Is 26356417 a prime number?
False
Is 179268261 a prime number?
False
Is 9513247 composite?
True
Is 4334361 composite?
True
Is 10563491 prime?
True
Is 47508269 a prime number?
True
Is 13926317 composite?
True
Is 704057 a prime number?
False
Is 7640617 composite?
False
Is 82280509 prime?
True
Is 437993 a prime number?
False
Is 876913 prime?
True
Is 18301477 prime?
False
Is 7452077 composite?
False
Is 259693879 a composite number?
True
Is 4542611 a prime number?
True
Is 51786167 a prime number?
False
Is 805421 composite?
False
Is 1117667 a prime number?
False
Is 491473 composite?
True
Is 16683267 composite?
True
Is 376717357 a composite number?
False
Is 41753123 a prime number?
True
Is 45641861 a prime number?
True
Is 1031245 a composite number?
True
Is 2893937 a composite number?
False
Is 3756185 a composite number?
True
Is 147176651 composite?
False
Is 16790381 a prime number?
False
Is 30619367 composite?
True
Is 5938643 a prime number?
True
Is 3971087 prime?
True
Is 2247383 composite?
True
Is 361337 a prime number?
True
Is 117954887 a composite number?
False
Is 3429581 a prime number?
True
Is 2629687 a prime number?
True
Is 211723 prime?
True
Is 515615 composite?
True
Is 139431907 prime?
True
Is 126149 a composite number?
True
Is 26969699 composite?
True
Is 20350709 composite?
False
Is 191002099 a composite number?
True
Is 5802577 a prime number?
False
Is 19460005 composite?
True
Is 49177607 composite?
True
Is 1492787 composite?
True
Is 31398803 a prime number?
False
Is 34902533 composite?
False
Is 3173887 a prime number?
True
Is 12701671 composite?
True
Is 18999637 prime?
False
Is 3965071 prime?
False
Is 27205043 composite?
True
Is 37407719 a composite number?
False
Is 3921851 composite?
False
Is 3112933 a prime number?
True
Is 266708077 a prime number?
True
Is 5047499 a composite number?
False
Is 2252599 a prime number?
False
Is 1043359 prime?
False
Is 22948787 a composite number?
False
Is 63885691 composite?
False
Is 11270051 prime?
False
Is 16420621 prime?
False
Is 5512847 prime?
False
Is 37874833 prime?
False
Is 12352273 a prime number?
True
Is 108163997 composite?
True
Is 15119449 a composite number?
False
Is 68655719 a prime number?
False
Is 374267651 composite?
False
Is 380671979 composite?
False
Is 604927 prime?
False
Is 1935529 a composite number?
True
Is 1110797